 the prime factors of f(z).
2, 59
Let c = -2560 + 5697. Suppose c - 692 = 3*u. List the prime factors of u.
5, 163
Let m(t) = -t**3 + 15*t**2 - 14*t + 16. Let c be m(14). What are the prime factors of c*(114/12 - 1)?
2, 17
Let t be ((-3)/5)/(1/(-5)). Let l = 784 - 752. Suppose -76 = -t*q + l. List the prime factors of q.
2, 3
Suppose 5*j = -5*q + 71005, 0 = -9*q - 0*j + 3*j + 127881. What are the prime factors of q?
14207
Suppose -187*u - 53761 = -1614089. List the prime factors of u.
2, 7, 149
Let l(c) = 5*c**3 + 144*c**2 + 55*c - 199. Let d(p) = -p**3 - 29*p**2 - 11*p + 40. Let h(g) = 11*d(g) + 2*l(g). What are the prime factors of h(-31)?
383
Let i(y) = 5*y**2 + 7*y + 18. Let l = 78 + -71. Let a be i(l). Suppose -v + a = 5*v. List the prime factors of v.
2, 13
Let j = -2928 + 4901. List the prime factors of j.
1973
Let r(k) = -5*k**3 + 9*k**2 + 55*k + 52. What are the prime factors of r(-7)?
1823
Let b = -58 + 73. Suppose 8*t + 301 = b*t. Suppose 2*u - f - 22 = 0, -4*u + 7*u + f = t. List the prime factors of u.
13
Let d(h) = 3*h**2 + 115*h + 4517. List the prime factors of d(-72).
11789
Suppose -5*u + 13255 = 5*a, -2*a - 10*u + 5299 = -5*u. Suppose 98*c = 96*c + a. List the prime factors of c.
2, 3, 13, 17
Let j = 14122 + -6064. List the prime factors of j.
2, 3, 17, 79
Let i(p) = -p**2 - p + 4. Let w be i(0). Suppose 0*m = w*m - 20. Suppose f - 6*f + 2*t = -852, 0 = -m*f - 2*t + 848. List the prime factors of f.
2, 5, 17
Suppose -o = -3*h + 7*h - 13324, 0 = 2*h + 2*o - 6668. What are the prime factors of h?
2, 3, 5, 37
Suppose -403138 = -41*f + 10224. List the prime factors of f.
2, 71
Let p(t) = t**3 - t**2 - 3*t + 4. Let c be p(1). Let j be (c - (-6 - -4)) + -7. Let h(g) = 4*g**2 + 6*g + 1. What are the prime factors of h(j)?
41
Suppose -3*i + 5*n = -102 - 513, 0 = -i + n + 203. Let a = i + 53. What are the prime factors of a?
11, 23
Suppose -44793 = -24*d + 315615. What are the prime factors of d?
15017
List the prime factors of (56413 - -1) + ((-120)/(-10) - 15).
19, 2969
Suppose 0 = -5*j + 2*b - 15973 + 62106, 2*j - 18454 = b. List the prime factors of j.
3, 5, 41
Let h be (-1 + 0)/(2/(-6)). Suppose 251*b - 316*b + 260 = 0. Suppose 0 = -4*g + v - h*v + 4, -4*g + b*v + 16 = 0. List the prime factors of g.
2
What are the prime factors of (-8)/5*(-90765)/18 - (6 - 2)?
2, 3, 7
Suppose 4*v - 4 = 0, 9*v - 4*v = 2*x - 417. Suppose 0 = -19*r + 15*r - 5*k + 874, -r - 5*k = -x. List the prime factors of r.
13, 17
Let l = 393 - 250. Let m = l - -38. List the prime factors of m.
181
Let u be -4 + (-3)/(-3) + 65. Let z = u - 59. Suppose -z*g - g + 4*b = -140, -2*g + 5*b + 73 = 0. List the prime factors of g.
2, 17
Let v = 99 - 80. Suppose -v*p - 4220 = -24*p. Suppose p = 4*y - 2*o + o, -1046 = -5*y - o. List the prime factors of y.
2, 3, 5, 7
Suppose -51*o - 288619 + 807034 + 3332493 = 0. What are the prime factors of o?
2, 43, 439
Let u(z) be the second derivative of -z**4/2 - 4*z**2 - 9*z. Let l(p) = -7*p**2 + p - 9. Let d(c) = 3*l(c) - 4*u(c). List the prime factors of d(-5).
5, 13
Let k(i) = i**3 + 39*i**2 - 18*i - 40. Let n be (17 - -22)/(0 - 1). List the prime factors of k(n).
2, 331
Let v(q) = 30*q - 150. Let t(f) = -3*f + 15. Let x(g) = -21*t(g) - 2*v(g). Let s be x(6). What are the prime factors of ((-1)/3)/(s/(-171))?
19
Let c = 1051 - 473. Let k = 953 - c. What are the prime factors of k?
3, 5
Suppose 0 = 4*p - 4*z - z - 78, -4*z + 30 = p. Suppose -20*j + p*j = 274. List the prime factors of j.
137
Suppose 0 = -2*f + 3*v + 3989, -3*f - 5*v + 179 = -5738. What are the prime factors of f?
2, 31
Suppose 3*p + 103 + 92 = 0. Let x be 43/(2/(-4 + 2)). Let q = x - p. List the prime factors of q.
2, 11
Let t(l) = -47*l + 505. What are the prime factors of t(-5)?
2, 5, 37
Suppose -31301 = 14*t - 104423. List the prime factors of t.
3, 1741
Suppose -x - 1 = -2*t + 2, 3*t = 3*x + 9. What are the prime factors of (115 - x) + -10 + 4?
2, 7
Let c(s) = s**2 - 10. Let l be c(5). Suppose -25*r + l = -22*r. Suppose r*z + 2*m - 316 = m, -2*z + 129 = 3*m. What are the prime factors of z?
3, 7
Let q(u) = -11*u**3 + 9*u**2 + 46*u + 390. List the prime factors of q(-11).
2, 37, 211
Let w = -1 - -13. Suppose -3*r + w = -15. Suppose 4*c = r*c - 590. List the prime factors of c.
2, 59
Suppose 0 = p - 2*p - 0*p + 874. List the prime factors of p.
2, 19, 23
Suppose 0 = 2*p + 127*t - 130*t - 77345, 5*t = -p + 38666. What are the prime factors of p?
38671
Let s = 65 + -60. Suppose -t - p = 0, 0 = s*t - 6*p + 8*p - 3. What are the prime factors of (4 + (-1 - -150))/t?
3, 17
Suppose 25264 = 6*o - 28314 - 32648. List the prime factors of o.
7, 2053
Let q(j) = -11*j**3 - 6*j**2 - 9*j - 7. Let r be q(-4). Suppose -2*v = 5*n - 3229, -n - 32*v + r = -36*v. List the prime factors of n.
3, 5, 43
Let o be (-1 + (-7)/(28/(-200)))*7. Let u = o + -121. List the prime factors of u.
2, 3, 37
Suppose -6*u + 8 + 22 = 0. Suppose -683 = u*a + 57. Let k = a + 224. What are the prime factors of k?
2, 19
Suppose 0 = 7*s - 62 - 8. Suppose 1520 = s*b - 2*b. Let n = -83 + b. What are the prime factors of n?
107
Let v(y) = 2*y - 20. Let q be v(18). Suppose 10*w = 6*w + q. Suppose -j + 2*j = h - 12, 2*h - w*j = 22. List the prime factors of h.
13
Suppose 5*s + 107 = 2*q, 5*q - 46 - 205 = -4*s. Let n = q + 21. Let j = n + -18. List the prime factors of j.
2, 3
Suppose -13*g + 9611 = n - 10*g, -2*g = n - 9607. What are the prime factors of n?
29, 331
Let a be 46/(-23)*6/(-4). Suppose -4*q - p + 1487 + 1316 = 0, 4*p = -a*q + 2099. What are the prime factors of q?
701
Let v(b) = -399*b - 27. Let y(x) = x**3 + 13*x**2 - 47*x + 12. Let n be y(-16). What are the prime factors of v(n)?
3, 523
Let d be 2832/(-14) - (-2)/7. Let t be 130*40/(-125)*10/4. Let c = t - d. What are the prime factors of c?
2, 7
Let y be (4/(-6))/(1/(-57)). Let r be (5 + -5)*2/(-4) - 0. Let p = y - r. List the prime factors of p.
2, 19
Let t(v) = 262*v**3 - 2*v**2 - 15*v + 37. What are the prime factors of t(3)?
2, 881
Suppose 13739 + 21835 = 7*o. List the prime factors of o.
2, 3, 7, 11
Let u be 6/(-2 + (-183)/(-90)). Let k = u - -332. List the prime factors of k.
2
Let d(c) = -1178*c - 485. List the prime factors of d(-7).
3, 13, 199
Let t = 42 + -38. Suppose t = 3*q - 4*p, 5*q + 3 + 2 = -5*p. Suppose q*a + 5*g + 70 = 2*a, 3*a - g = 105. List the prime factors of a.
5, 7
Let c = 59201 + 7695. List the prime factors of c.
2, 37, 113
Let f(v) = -v**2 + 3*v - 4. Let x be f(7). Let k = x - -33. Let j = 11 - k. List the prime factors of j.
2, 5
Suppose 4*q = 7*n - 103507, 0 = -406*n + 407*n + q - 14793. What are the prime factors of n?
23, 643
Suppose -119*r + 12169 = 2*a - 114*r, 0 = -3*r + 9. What are the prime factors of a?
59, 103
Suppose -5*q - 3*f + 390546 = 0, -1083*q - 3*f + 234324 = -1080*q. List the prime factors of q.
3, 11, 263
Let w(b) = b**3 - 5*b**2 + 5*b + 2. Let k be w(6). Let h(m) = m**2 - 5*m - 12. Let z be h(7). Suppose -k = -z*p + 384. What are the prime factors of p?
2, 113
Let k = 14616 + -7082. What are the prime factors of k?
2, 3767
Suppose 2*h = -3*k + 29423, 399*h - 401*h - 5*k = -29413. List the prime factors of h.
41, 359
Suppose 0 = -2*w - 4, -4*w - 29123 + 4344 = -3*r. List the prime factors of r.
23, 359
Let m(t) = 4*t**2 - 164*t + 595. List the prime factors of m(58).
3, 17, 89
Let f(d) = 10*d**2 - 6*d + 4. Let b be f(0). Suppose 0 = -2*h + 3*h - 4. Suppose 5*q = b*x - x + 9, 5*x - h*q + 2 = 0. What are the prime factors of x?
2
What are the prime factors of ((-3510)/105 + -12)*-371?
2, 3, 53
Let w(h) = -8*h - 88. Let f be w(-16). Let p = f - 37. Suppose -p*i = -4*m - 81 + 232, 2*i + 187 = 5*m. List the prime factors of m.
37
Let y(w) be the first derivative of -w**3/3 + 16*w**2 + 7*w - 607. Suppose -s + f + f + 3 = 0, s - 5*f = -3. What are the prime factors of y(s)?
2, 7, 13
Let a = 51535 - 9943. List the prime factors of a.
2, 3, 1733
What are the prime factors of (143/(-13) - -8 - (-1 - 0)) + 61868?
2, 3, 7, 491
Suppose 0 = a + m - 4, a - 3*a = -4*m + 16. Suppose a = -5*i + 25, 9*x - 13*x - 3*i = -395. What are the prime factors of x?
5, 19
Suppose 1355512 = 35*t - 176368. List the prime factors of t.
2, 5471
Suppose 3*u - 25 = -2*m - 2*u, 3*u - 15 = 4*m. Suppose m = -2*b - 4*l + 5*l + 